CRAN Package Check Results for Package dndR

Last updated on 2024-05-19 09:53:43 CEST.

Flavor Version Tinstall Tcheck Ttotal Status Flags
r-devel-linux-x86_64-debian-clang 2.0.0 9.04 94.23 103.27 OK
r-devel-linux-x86_64-debian-gcc 2.0.0 5.83 73.45 79.28 OK
r-devel-linux-x86_64-fedora-clang 2.0.0 135.98 NOTE
r-devel-linux-x86_64-fedora-gcc 2.0.0 176.55 NOTE
r-devel-windows-x86_64 2.0.0 8.00 100.00 108.00 OK
r-patched-linux-x86_64 2.0.0 5.30 92.12 97.42 OK
r-release-linux-x86_64 2.0.0 6.26 90.92 97.18 OK
r-release-macos-arm64 2.0.0 58.00 OK
r-release-macos-x86_64 2.0.0 156.00 OK
r-release-windows-x86_64 2.0.0 9.00 102.00 111.00 OK
r-oldrel-macos-arm64 2.0.0 76.00 OK
r-oldrel-macos-x86_64 2.0.0 119.00 OK
r-oldrel-windows-x86_64 2.0.0 10.00 119.00 129.00 OK

Check Details

Version: 2.0.0
Check: data for non-ASCII characters
Result: NOTE Note: found 682 marked UTF-8 strings Flavors: r-devel-linux-x86_64-fedora-clang, r-devel-linux-x86_64-fedora-gcc