CRAN Package Check Results for Package dnet

Last updated on 2022-01-22 07:52:41 CET.

Flavor Version Tinstall Tcheck Ttotal Status Flags
r-devel-linux-x86_64-debian-clang 1.1.7 19.54 183.26 202.80 OK
r-devel-linux-x86_64-debian-gcc 1.1.7 18.53 133.32 151.85 OK
r-devel-linux-x86_64-fedora-clang 1.1.7 243.60 OK
r-devel-linux-x86_64-fedora-gcc 1.1.7 226.49 OK
r-devel-windows-x86_64-new-UL 1.1.7 60.00 195.00 255.00 OK
r-devel-windows-x86_64-new-TK 1.1.7 OK
r-patched-linux-x86_64 1.1.7 20.33 172.63 192.96 OK
r-release-linux-x86_64 1.1.7 15.62 173.05 188.67 OK
r-release-macos-arm64 1.1.7 ERROR
r-release-macos-x86_64 1.1.7 OK
r-release-windows-ix86+x86_64 1.1.7 43.00 194.00 237.00 OK
r-oldrel-macos-x86_64 1.1.7 OK
r-oldrel-windows-ix86+x86_64 1.1.7 41.00 196.00 237.00 OK

Check Details

Version: 1.1.7
Check: package dependencies
Result: ERROR
    Package required but not available: ‘supraHex’
    
    See section ‘The DESCRIPTION file’ in the ‘Writing R Extensions’
    manual.
Flavor: r-release-macos-arm64