CRAN Package Check Results for Package dnr

Last updated on 2022-06-26 11:17:14 CEST.

Flavor Version Tinstall Tcheck Ttotal Status Flags
r-devel-linux-x86_64-debian-clang 0.3.5 15.16 225.65 240.81 NOTE
r-devel-linux-x86_64-debian-gcc 0.3.5 11.80 167.04 178.84 NOTE
r-devel-linux-x86_64-fedora-clang 0.3.5 300.27 NOTE
r-devel-linux-x86_64-fedora-gcc 0.3.5 300.25 NOTE
r-devel-windows-x86_64 0.3.5 21.00 267.00 288.00 NOTE
r-patched-linux-x86_64 0.3.5 14.35 213.87 228.22 OK
r-release-linux-x86_64 0.3.5 12.80 211.04 223.84 OK
r-release-macos-arm64 0.3.5 93.00 OK
r-release-macos-x86_64 0.3.5 160.00 OK
r-release-windows-x86_64 0.3.5 24.00 261.00 285.00 OK
r-oldrel-macos-arm64 0.3.5 96.00 OK
r-oldrel-macos-x86_64 0.3.5 141.00 OK
r-oldrel-windows-ix86+x86_64 0.3.5 30.00 235.00 265.00 OK

Check Details

Version: 0.3.5
Check: Rd files
Result: NOTE
    checkRd: (-1) dnr.Rd:12: Escaped LaTeX specials: \#
Flavors: r-devel-linux-x86_64-debian-clang, r-devel-linux-x86_64-debian-gcc, r-devel-linux-x86_64-fedora-clang, r-devel-linux-x86_64-fedora-gcc, r-devel-windows-x86_64