CRAN Package Check Results for Package doParallel

Last updated on 2019-12-14 23:47:19 CET.

Flavor Version Tinstall Tcheck Ttotal Status Flags
r-devel-linux-x86_64-debian-clang 1.0.15 2.55 119.95 122.50 NOTE
r-devel-linux-x86_64-debian-gcc 1.0.15 1.74 90.10 91.84 NOTE
r-devel-linux-x86_64-fedora-clang 1.0.15 143.57 OK
r-devel-linux-x86_64-fedora-gcc 1.0.15 137.16 OK
r-devel-windows-ix86+x86_64 1.0.15 6.00 179.00 185.00 OK
r-devel-windows-ix86+x86_64-gcc8 1.0.15 7.00 174.00 181.00 OK
r-patched-linux-x86_64 1.0.15 2.07 107.05 109.12 NOTE
r-patched-solaris-x86 1.0.15 280.10 OK
r-release-linux-x86_64 1.0.15 1.90 108.98 110.88 NOTE
r-release-windows-ix86+x86_64 1.0.15 5.00 127.00 132.00 OK
r-release-osx-x86_64 1.0.15 OK
r-oldrel-windows-ix86+x86_64 1.0.15 3.00 129.00 132.00 OK
r-oldrel-osx-x86_64 1.0.15 OK

Check Details

Version: 1.0.15
Check: R code for possible problems
Result: NOTE
    Found the following calls to attach():
    File 'doParallel/R/doParallel.R':
     attach(exportEnv)
    See section 'Good practice' in '?attach'.
Flavors: r-devel-linux-x86_64-debian-clang, r-devel-linux-x86_64-debian-gcc, r-patched-linux-x86_64, r-release-linux-x86_64