CRAN Package Check Results for Package dotwhisker

Last updated on 2020-08-13 11:50:00 CEST.

Flavor Version Tinstall Tcheck Ttotal Status Flags
r-devel-linux-x86_64-debian-clang 0.5.0 0.60 2.68 3.28 ERROR
r-devel-linux-x86_64-debian-gcc 0.5.0 4.74 62.89 67.63 OK
r-devel-linux-x86_64-fedora-clang 0.5.0 112.98 OK
r-devel-linux-x86_64-fedora-gcc 0.5.0 104.13 OK
r-devel-windows-ix86+x86_64 0.5.0 24.00 100.00 124.00 OK
r-patched-linux-x86_64 0.5.0 6.61 80.47 87.08 OK
r-patched-solaris-x86 0.5.0 144.20 OK
r-release-linux-x86_64 0.5.0 0.56 2.75 3.31 ERROR
r-release-macos-x86_64 0.5.0 OK
r-release-windows-ix86+x86_64 0.5.0 23.00 129.00 152.00 OK
r-oldrel-macos-x86_64 0.5.0 OK
r-oldrel-windows-ix86+x86_64 0.5.0 11.00 91.00 102.00 OK

Check Details

Version: 0.5.0
Check: package dependencies
Result: ERROR
    Package required but not available: 'broom'
    
    See section 'The DESCRIPTION file' in the 'Writing R Extensions'
    manual.
Flavors: r-devel-linux-x86_64-debian-clang, r-release-linux-x86_64