CRAN Package Check Results for Package doubcens

Last updated on 2022-08-11 09:53:16 CEST.

Flavor Version Tinstall Tcheck Ttotal Status Flags
r-devel-linux-x86_64-debian-clang 1.1 1.59 21.32 22.91 NOTE
r-devel-linux-x86_64-debian-gcc 1.1 1.70 16.64 18.34 NOTE
r-devel-linux-x86_64-fedora-clang 1.1 38.90 NOTE
r-devel-linux-x86_64-fedora-gcc 1.1 40.11 NOTE
r-devel-windows-x86_64 1.1 5.00 43.00 48.00 NOTE
r-patched-linux-x86_64 1.1 2.31 20.71 23.02 NOTE
r-release-linux-x86_64 1.1 NOTE
r-release-macos-arm64 1.1 13.00 NOTE
r-release-macos-x86_64 1.1 18.00 NOTE
r-release-windows-x86_64 1.1 4.00 41.00 45.00 NOTE
r-oldrel-macos-arm64 1.1 17.00 NOTE
r-oldrel-macos-x86_64 1.1 25.00 NOTE
r-oldrel-windows-ix86+x86_64 1.1 5.00 26.00 31.00 NOTE

Check Details

Version: 1.1
Check: LazyData
Result: NOTE
     'LazyData' is specified without a 'data' directory
Flavors: r-devel-linux-x86_64-debian-clang, r-devel-linux-x86_64-debian-gcc, r-devel-linux-x86_64-fedora-clang, r-devel-linux-x86_64-fedora-gcc, r-devel-windows-x86_64, r-patched-linux-x86_64, r-release-linux-x86_64, r-release-macos-arm64, r-release-macos-x86_64, r-release-windows-x86_64, r-oldrel-macos-arm64, r-oldrel-macos-x86_64, r-oldrel-windows-ix86+x86_64