CRAN Package Check Results for Package downscale

Last updated on 2020-02-27 20:48:23 CET.

Flavor Version Tinstall Tcheck Ttotal Status Flags
r-devel-linux-x86_64-debian-clang 3.0-1 12.09 135.98 148.07 OK
r-devel-linux-x86_64-debian-gcc 3.0-1 9.85 102.83 112.68 OK
r-devel-linux-x86_64-fedora-clang 3.0-1 197.03 WARN
r-devel-linux-x86_64-fedora-gcc 3.0-1 185.60 WARN
r-devel-windows-ix86+x86_64 3.0-1 22.00 141.00 163.00 OK
r-devel-windows-ix86+x86_64-gcc8 3.0-1 22.00 152.00 174.00 OK
r-patched-linux-x86_64 3.0-1 9.49 119.50 128.99 OK
r-patched-solaris-x86 3.0-1 219.50 OK
r-release-linux-x86_64 3.0-1 10.37 118.62 128.99 OK
r-release-windows-ix86+x86_64 3.0-1 19.00 125.00 144.00 OK
r-release-osx-x86_64 3.0-1 OK
r-oldrel-windows-ix86+x86_64 3.0-1 10.00 134.00 144.00 OK
r-oldrel-osx-x86_64 3.0-1 OK

Check Details

Version: 3.0-1
Check: whether package can be installed
Result: WARN
    Found the following significant warnings:
     Warning: namespace ‘rgdal’ is not available and has been replaced
Flavors: r-devel-linux-x86_64-fedora-clang, r-devel-linux-x86_64-fedora-gcc