CRAN Package Check Results for Package dpcR

Last updated on 2019-09-18 17:46:21 CEST.

Flavor Version Tinstall Tcheck Ttotal Status Flags
r-devel-linux-x86_64-debian-clang 0.5 19.84 128.33 148.17 OK
r-devel-linux-x86_64-debian-gcc 0.5 14.20 106.16 120.36 OK
r-devel-linux-x86_64-fedora-clang 0.5 178.56 OK
r-devel-linux-x86_64-fedora-gcc 0.5 176.97 OK
r-devel-windows-ix86+x86_64 0.5 67.00 175.00 242.00 OK
r-patched-linux-x86_64 0.5 17.96 126.91 144.87 OK
r-patched-solaris-x86 0.5 262.90 OK
r-release-linux-x86_64 0.5 18.65 127.22 145.87 OK
r-release-windows-ix86+x86_64 0.5 32.00 158.00 190.00 OK
r-release-osx-x86_64 0.5 WARN
r-oldrel-windows-ix86+x86_64 0.5 26.00 151.00 177.00 OK
r-oldrel-osx-x86_64 0.5 OK

Check Details

Version: 0.5
Check: whether package can be installed
Result: WARN
    Found the following significant warnings:
     Warning: 'rgl_init' failed, running with rgl.useNULL = TRUE
Flavor: r-release-osx-x86_64