CRAN Package Check Results for Package dpcR

Last updated on 2020-02-27 20:48:23 CET.

Flavor Version Tinstall Tcheck Ttotal Status Flags
r-devel-linux-x86_64-debian-clang 0.5 22.98 151.53 174.51 WARN
r-devel-linux-x86_64-debian-gcc 0.5 19.99 116.92 136.91 WARN
r-devel-linux-x86_64-fedora-clang 0.5 220.40 OK
r-devel-linux-x86_64-fedora-gcc 0.5 209.23 OK
r-devel-windows-ix86+x86_64 0.5 48.00 176.00 224.00 OK
r-devel-windows-ix86+x86_64-gcc8 0.5 52.00 177.00 229.00 OK
r-patched-linux-x86_64 0.5 18.64 132.72 151.36 OK
r-patched-solaris-x86 0.5 265.00 OK
r-release-linux-x86_64 0.5 18.55 133.49 152.04 OK
r-release-windows-ix86+x86_64 0.5 36.00 160.00 196.00 OK
r-release-osx-x86_64 0.5 WARN
r-oldrel-windows-ix86+x86_64 0.5 22.00 147.00 169.00 OK
r-oldrel-osx-x86_64 0.5 OK

Check Details

Version: 0.5
Check: re-building of vignette outputs
Result: WARN
    Error(s) in re-building vignettes:
     ...
    --- re-building 'overview.Rmd' using rmarkdown
    Quitting from lines 359-375 (overview.Rmd)
    Error: processing vignette 'overview.Rmd' failed with diagnostics:
    graphical parameter "col.axis" has the wrong length
    --- failed re-building 'overview.Rmd'
    
    SUMMARY: processing the following file failed:
     'overview.Rmd'
    
    Error: Vignette re-building failed.
    Execution halted
Flavors: r-devel-linux-x86_64-debian-clang, r-devel-linux-x86_64-debian-gcc

Version: 0.5
Check: whether package can be installed
Result: WARN
    Found the following significant warnings:
     Warning: 'rgl_init' failed, running with rgl.useNULL = TRUE
Flavor: r-release-osx-x86_64