CRAN Package Check Results for Package dqrng

Last updated on 2022-08-12 04:53:21 CEST.

Flavor Version Tinstall Tcheck Ttotal Status Flags
r-devel-linux-x86_64-debian-clang 0.3.0 27.11 131.97 159.08 OK
r-devel-linux-x86_64-debian-gcc 0.3.0 21.64 86.37 108.01 OK
r-devel-linux-x86_64-fedora-clang 0.3.0 231.17 NOTE
r-devel-linux-x86_64-fedora-gcc 0.3.0 209.66 OK
r-devel-windows-x86_64 0.3.0 32.00 201.00 233.00 OK
r-patched-linux-x86_64 0.3.0 26.09 131.18 157.27 OK
r-release-linux-x86_64 0.3.0 26.90 129.62 156.52 OK
r-release-macos-arm64 0.3.0 52.00 OK
r-release-macos-x86_64 0.3.0 95.00 OK
r-release-windows-x86_64 0.3.0 38.00 207.00 245.00 OK
r-oldrel-macos-arm64 0.3.0 65.00 OK
r-oldrel-macos-x86_64 0.3.0 123.00 OK
r-oldrel-windows-ix86+x86_64 0.3.0 72.00 242.00 314.00 WARN

Check Details

Version: 0.3.0
Check: Rd cross-references
Result: NOTE
    Undeclared package ‘sitmo’ in Rd xrefs
Flavor: r-devel-linux-x86_64-fedora-clang

Version: 0.3.0
Check: re-building of vignette outputs
Result: WARN
    Error(s) in re-building vignettes:
    --- re-building 'cpp-api.Rmd' using rmarkdown
    --- finished re-building 'cpp-api.Rmd'
    
    --- re-building 'dqrng.Rmd' using rmarkdown
    Error: processing vignette 'dqrng.Rmd' failed with diagnostics:
    pandoc document conversion failed with error 5
    --- failed re-building 'dqrng.Rmd'
    
    --- re-building 'parallel.Rmd' using rmarkdown
    --- finished re-building 'parallel.Rmd'
    
    SUMMARY: processing the following file failed:
     'dqrng.Rmd'
    
    Error: Vignette re-building failed.
    Execution halted
Flavor: r-oldrel-windows-ix86+x86_64