CRAN Package Check Results for Package ds4psy

Last updated on 2019-10-15 02:48:57 CEST.

Flavor Version Tinstall Tcheck Ttotal Status Flags
r-devel-linux-x86_64-debian-clang 0.1.0 5.49 52.77 58.26 OK
r-devel-linux-x86_64-debian-gcc 0.1.0 5.01 39.82 44.83 OK
r-devel-linux-x86_64-fedora-clang 0.1.0 68.96 NOTE
r-devel-linux-x86_64-fedora-gcc 0.1.0 65.78 NOTE
r-devel-windows-ix86+x86_64 0.1.0 19.00 70.00 89.00 OK
r-patched-linux-x86_64 0.1.0 5.69 50.98 56.67 OK
r-patched-solaris-x86 0.1.0 109.40 NOTE
r-release-linux-x86_64 0.1.0 5.82 50.31 56.13 OK
r-release-windows-ix86+x86_64 0.1.0 19.00 68.00 87.00 OK
r-release-osx-x86_64 0.1.0 NOTE
r-oldrel-windows-ix86+x86_64 0.1.0 7.00 69.00 76.00 OK
r-oldrel-osx-x86_64 0.1.0 NOTE

Check Details

Version: 0.1.0
Check: dependencies in R code
Result: NOTE
    Namespaces in Imports field not imported from:
     ‘readr’ ‘tidyr’ ‘tidyverse’
     All declared Imports should be used.
Flavors: r-devel-linux-x86_64-fedora-clang, r-devel-linux-x86_64-fedora-gcc, r-patched-solaris-x86, r-release-osx-x86_64, r-oldrel-osx-x86_64