CRAN Package Check Results for Package dtwSat

Last updated on 2022-11-30 09:52:28 CET.

Flavor Version Tinstall Tcheck Ttotal Status Flags
r-devel-linux-x86_64-debian-clang 0.2.8 65.38 563.78 629.16 OK
r-devel-linux-x86_64-debian-gcc 0.2.8 48.15 417.51 465.66 OK
r-devel-linux-x86_64-fedora-clang 0.2.8 828.77 NOTE
r-devel-linux-x86_64-fedora-gcc 0.2.8 824.32 OK
r-devel-windows-x86_64 0.2.8 125.00 429.00 554.00 NOTE --no-vignettes
r-patched-linux-x86_64 0.2.8 41.49 530.79 572.28 OK
r-release-linux-x86_64 0.2.8 44.48 513.05 557.53 OK
r-release-macos-arm64 0.2.8 183.00 NOTE
r-release-macos-x86_64 0.2.8 227.00 NOTE
r-release-windows-x86_64 0.2.8 127.00 415.00 542.00 NOTE --no-vignettes
r-oldrel-macos-arm64 0.2.8 182.00 NOTE
r-oldrel-macos-x86_64 0.2.8 229.00 NOTE
r-oldrel-windows-ix86+x86_64 0.2.8 126.00 569.00 695.00 NOTE --no-vignettes

Check Details

Version: 0.2.8
Check: installed package size
Result: NOTE
     installed size is 5.2Mb
     sub-directories of 1Mb or more:
     lucc_MT 3.1Mb
Flavors: r-devel-linux-x86_64-fedora-clang, r-release-macos-arm64, r-release-macos-x86_64, r-oldrel-macos-arm64, r-oldrel-macos-x86_64

Version: 0.2.8
Flags: --no-vignettes
Check: installed package size
Result: NOTE
     installed size is 5.2Mb
     sub-directories of 1Mb or more:
     lucc_MT 3.0Mb
Flavors: r-devel-windows-x86_64, r-release-windows-x86_64, r-oldrel-windows-ix86+x86_64