CRAN Package Check Results for Package dtwclust

Last updated on 2020-07-09 21:48:27 CEST.

Flavor Version Tinstall Tcheck Ttotal Status Flags
r-devel-linux-x86_64-debian-clang 5.5.6 165.03 377.87 542.90 NOTE
r-devel-linux-x86_64-debian-gcc 5.5.6 133.32 281.64 414.96 NOTE
r-devel-linux-x86_64-fedora-clang 5.5.6 691.99 NOTE
r-devel-linux-x86_64-fedora-gcc 5.5.6 677.87 NOTE
r-devel-windows-ix86+x86_64 5.5.6 316.00 475.00 791.00 NOTE
r-patched-linux-x86_64 5.5.6 136.37 368.56 504.93 NOTE
r-patched-solaris-x86 5.5.6 1030.00 NOTE
r-release-linux-x86_64 5.5.6 140.58 367.73 508.31 NOTE
r-release-osx-x86_64 5.5.6 NOTE
r-release-windows-ix86+x86_64 5.5.6 316.00 437.00 753.00 NOTE
r-oldrel-osx-x86_64 5.5.6 NOTE
r-oldrel-windows-ix86+x86_64 5.5.6 454.00 440.00 894.00 NOTE

Check Details

Version: 5.5.6
Check: for GNU extensions in Makefiles
Result: NOTE
    GNU make is a SystemRequirements.
Flavors: r-devel-linux-x86_64-debian-clang, r-devel-linux-x86_64-debian-gcc, r-devel-linux-x86_64-fedora-clang, r-devel-linux-x86_64-fedora-gcc, r-devel-windows-ix86+x86_64, r-patched-linux-x86_64, r-patched-solaris-x86, r-release-linux-x86_64, r-release-osx-x86_64, r-release-windows-ix86+x86_64, r-oldrel-osx-x86_64, r-oldrel-windows-ix86+x86_64

Version: 5.5.6
Check: installed package size
Result: NOTE
     installed size is 10.5Mb
     sub-directories of 1Mb or more:
     doc 2.6Mb
     libs 6.6Mb
Flavors: r-devel-linux-x86_64-fedora-clang, r-devel-windows-ix86+x86_64, r-release-osx-x86_64, r-release-windows-ix86+x86_64, r-oldrel-osx-x86_64, r-oldrel-windows-ix86+x86_64