CRAN Package Check Results for Package dualtrees

Last updated on 2022-08-14 00:54:19 CEST.

Flavor Version Tinstall Tcheck Ttotal Status Flags
r-devel-linux-x86_64-debian-clang 0.1.4 4.28 42.60 46.88 OK
r-devel-linux-x86_64-debian-gcc 0.1.4 3.21 33.05 36.26 OK
r-devel-linux-x86_64-fedora-clang 0.1.4 67.57 NOTE
r-devel-linux-x86_64-fedora-gcc 0.1.4 69.09 NOTE
r-devel-windows-x86_64 0.1.4 8.00 78.00 86.00 OK
r-patched-linux-x86_64 0.1.4 4.37 40.85 45.22 OK
r-release-linux-x86_64 0.1.4 3.91 41.38 45.29 OK
r-release-macos-arm64 0.1.4 25.00 OK
r-release-macos-x86_64 0.1.4 41.00 OK
r-release-windows-x86_64 0.1.4 12.00 77.00 89.00 OK
r-oldrel-macos-arm64 0.1.4 40.00 OK
r-oldrel-macos-x86_64 0.1.4 54.00 OK
r-oldrel-windows-ix86+x86_64 0.1.4 9.00 84.00 93.00 OK

Check Details

Version: 0.1.4
Check: compiled code
Result: NOTE
    File ‘dualtrees/libs/dualtrees.so’:
     Found no calls to: ‘R_registerRoutines’, ‘R_useDynamicSymbols’
    
    It is good practice to register native routines and to disable symbol
    search.
    
    See ‘Writing portable packages’ in the ‘Writing R Extensions’ manual.
Flavors: r-devel-linux-x86_64-fedora-clang, r-devel-linux-x86_64-fedora-gcc