CRAN Package Check Results for Package dynaTree

Last updated on 2022-08-13 09:54:23 CEST.

Flavor Version Tinstall Tcheck Ttotal Status Flags
r-devel-linux-x86_64-debian-clang 1.2-13 12.70 64.33 77.03 NOTE
r-devel-linux-x86_64-debian-gcc 1.2-13 10.10 47.85 57.95 NOTE
r-devel-linux-x86_64-fedora-clang 1.2-13 106.25 NOTE
r-devel-linux-x86_64-fedora-gcc 1.2-13 107.01 NOTE
r-devel-windows-x86_64 1.2-13 46.00 97.00 143.00 NOTE
r-patched-linux-x86_64 1.2-13 11.67 60.73 72.40 OK
r-release-linux-x86_64 1.2-13 10.65 61.03 71.68 OK
r-release-macos-arm64 1.2-13 36.00 OK
r-release-macos-x86_64 1.2-13 47.00 OK
r-release-windows-x86_64 1.2-13 46.00 99.00 145.00 OK
r-oldrel-macos-arm64 1.2-13 37.00 OK
r-oldrel-macos-x86_64 1.2-13 46.00 OK
r-oldrel-windows-ix86+x86_64 1.2-13 33.00 137.00 170.00 OK

Check Details

Version: 1.2-13
Check: Rd files
Result: NOTE
    checkRd: (-1) dynaTree.Rd:265: Escaped LaTeX specials: \&
    checkRd: (-1) dynaTree.Rd:270: Escaped LaTeX specials: \&
    checkRd: (-1) relevance.dynaTree.Rd:57: Escaped LaTeX specials: \&
    checkRd: (-1) sens.dynaTree.Rd:140: Escaped LaTeX specials: \&
Flavors: r-devel-linux-x86_64-debian-clang, r-devel-linux-x86_64-debian-gcc, r-devel-linux-x86_64-fedora-clang, r-devel-linux-x86_64-fedora-gcc, r-devel-windows-x86_64