Last updated on 2022-06-27 18:49:01 CEST.
Flavor | Version | Tinstall | Tcheck | Ttotal | Status | Flags |
---|---|---|---|---|---|---|
r-devel-linux-x86_64-debian-clang | 1.0.1 | 666.23 | 232.88 | 899.11 | OK | |
r-devel-linux-x86_64-debian-gcc | 1.0.1 | 512.39 | 170.20 | 682.59 | OK | |
r-devel-linux-x86_64-fedora-clang | 1.0.1 | 1282.23 | NOTE | |||
r-devel-linux-x86_64-fedora-gcc | 1.0.1 | 1189.70 | OK | |||
r-devel-windows-x86_64 | 1.0.1 | 656.00 | 374.00 | 1030.00 | NOTE | |
r-patched-linux-x86_64 | 1.0.1 | 546.25 | 220.65 | 766.90 | OK | |
r-release-linux-x86_64 | 1.0.1 | 545.79 | 223.25 | 769.04 | OK | |
r-release-macos-arm64 | 1.0.1 | 280.00 | NOTE | |||
r-release-macos-x86_64 | 1.0.1 | 332.00 | NOTE | |||
r-release-windows-x86_64 | 1.0.1 | 682.00 | 414.00 | 1096.00 | NOTE | |
r-oldrel-macos-arm64 | 1.0.1 | 267.00 | NOTE | |||
r-oldrel-macos-x86_64 | 1.0.1 | 316.00 | NOTE | |||
r-oldrel-windows-ix86+x86_64 | 1.0.1 | 1498.00 | 461.00 | 1959.00 | NOTE |
Version: 1.0.1
Check: installed package size
Result: NOTE
installed size is 25.9Mb
sub-directories of 1Mb or more:
data 4.2Mb
doc 1.7Mb
libs 19.5Mb
Flavors: r-devel-linux-x86_64-fedora-clang, r-devel-windows-x86_64, r-release-macos-arm64, r-release-macos-x86_64, r-release-windows-x86_64, r-oldrel-macos-arm64, r-oldrel-macos-x86_64, r-oldrel-windows-ix86+x86_64