CRAN Package Check Results for Package dynatopmodel

Last updated on 2020-12-03 16:47:40 CET.

Flavor Version Tinstall Tcheck Ttotal Status Flags
r-devel-linux-x86_64-debian-clang 1.2.1 16.01 115.87 131.88 OK
r-devel-linux-x86_64-debian-gcc 1.2.1 15.70 90.45 106.15 OK
r-devel-linux-x86_64-fedora-clang 1.2.1 169.41 NOTE
r-devel-linux-x86_64-fedora-gcc 1.2.1 162.10 NOTE
r-devel-windows-ix86+x86_64 1.2.1 33.00 129.00 162.00 OK
r-patched-linux-x86_64 1.2.1 18.29 109.22 127.51 OK
r-patched-solaris-x86 1.2.1 227.50 NOTE
r-release-linux-x86_64 1.2.1 17.21 109.92 127.13 OK
r-release-macos-x86_64 1.2.1 NOTE
r-release-windows-ix86+x86_64 1.2.1 26.00 132.00 158.00 OK
r-oldrel-macos-x86_64 1.2.1 NOTE
r-oldrel-windows-ix86+x86_64 1.2.1 26.00 122.00 148.00 OK

Check Details

Version: 1.2.1
Check: dependencies in R code
Result: NOTE
    Namespaces in Imports field not imported from:
     ‘maptools’ ‘tools’
     All declared Imports should be used.
Flavors: r-devel-linux-x86_64-fedora-clang, r-devel-linux-x86_64-fedora-gcc, r-patched-solaris-x86, r-release-macos-x86_64, r-oldrel-macos-x86_64