CRAN Package Check Results for Package eNetXplorer

Last updated on 2020-08-13 11:50:01 CEST.

Flavor Version Tinstall Tcheck Ttotal Status Flags
r-devel-linux-x86_64-debian-clang 1.1.1 12.65 145.59 158.24 OK
r-devel-linux-x86_64-debian-gcc 1.1.1 10.72 108.85 119.57 OK
r-devel-linux-x86_64-fedora-clang 1.1.1 191.92 OK
r-devel-linux-x86_64-fedora-gcc 1.1.1 185.32 OK
r-devel-windows-ix86+x86_64 1.1.1 36.00 145.00 181.00 OK
r-patched-linux-x86_64 1.1.1 11.92 142.24 154.16 OK
r-patched-solaris-x86 1.1.1 184.00 ERROR
r-release-linux-x86_64 1.1.1 12.20 141.85 154.05 OK
r-release-macos-x86_64 1.1.1 OK
r-release-windows-ix86+x86_64 1.1.1 35.00 199.00 234.00 OK
r-oldrel-macos-x86_64 1.1.1 OK
r-oldrel-windows-ix86+x86_64 1.1.1 21.00 145.00 166.00 OK

Check Details

Version: 1.1.1
Check: examples
Result: ERROR
    Running examples in ‘eNetXplorer-Ex.R’ failed
    The error most likely occurred in:
    
    > ### Name: plotFeatureCaterpillar
    > ### Title: generates caterpillar plot of feature statistics
    > ### Aliases: plotFeatureCaterpillar
    >
    > ### ** Examples
    >
    > ## Don't show:
    > set.seed(123)
    > fit = eNetXplorer(x=matrix(rnorm(75),ncol=3),y=rnorm(25),family="gaussian",
    + n_run=5, n_perm_null=4,alpha=c(0.5,1))
    Error during execution of alpha = 0.5
    > plotFeatureCaterpillar(x=fit,alpha.index=2,stat="coef")
    Error in if (x$family == "multinomial") { : argument is of length zero
    Calls: plotFeatureCaterpillar
    Execution halted
Flavor: r-patched-solaris-x86