CRAN Package Check Results for Package eNetXplorer

Last updated on 2020-01-21 15:49:14 CET.

Flavor Version Tinstall Tcheck Ttotal Status Flags
r-devel-linux-x86_64-debian-clang 1.1.0 12.59 150.22 162.81 OK
r-devel-linux-x86_64-debian-gcc 1.1.0 11.01 116.86 127.87 OK
r-devel-linux-x86_64-fedora-clang 1.1.0 190.39 WARN
r-devel-linux-x86_64-fedora-gcc 1.1.0 187.24 OK
r-devel-windows-ix86+x86_64 1.1.0 35.00 258.00 293.00 OK
r-devel-windows-ix86+x86_64-gcc8 1.1.0 34.00 219.00 253.00 OK
r-patched-linux-x86_64 1.1.0 12.70 129.76 142.46 OK
r-patched-solaris-x86 1.1.0 169.50 ERROR
r-release-linux-x86_64 1.1.0 11.80 130.57 142.37 OK
r-release-windows-ix86+x86_64 1.1.0 22.00 147.00 169.00 OK
r-release-osx-x86_64 1.1.0 OK
r-oldrel-windows-ix86+x86_64 1.1.0 16.00 143.00 159.00 OK
r-oldrel-osx-x86_64 1.1.0 OK

Check Details

Version: 1.1.0
Check: package dependencies
Result: WARN
    Requires orphaned package: ‘gplots’
Flavor: r-devel-linux-x86_64-fedora-clang

Version: 1.1.0
Check: examples
Result: ERROR
    Running examples in ‘eNetXplorer-Ex.R’ failed
    The error most likely occurred in:
    
    > ### Name: plotContingency
    > ### Title: generates plot of response vs out-of-bag predictions across
    > ### classes
    > ### Aliases: plotContingency
    >
    > ### ** Examples
    >
    > ## Don't show:
    > set.seed(123)
    > fit = eNetXplorer(x=matrix(rnorm(120),ncol=4),y=c(rep(0,15),rep(1,15)),
    + family="binomial",n_run=5, n_perm_null=4,alpha=c(0.5,1))
    Error during execution of alpha = 0.5
    > plot(x=fit,plot.type="contingency")
    Error in if (x$family %in% c("binomial", "multinomial")) { :
     argument is of length zero
    Calls: plot -> plot.eNetXplorer
    Execution halted
Flavor: r-patched-solaris-x86