CRAN Package Check Results for Package easyNCDF

Last updated on 2022-01-28 02:50:56 CET.

Flavor Version Tinstall Tcheck Ttotal Status Flags
r-devel-linux-x86_64-debian-clang 0.1.0 4.23 44.82 49.05 NOTE
r-devel-linux-x86_64-debian-gcc 0.1.0 4.55 34.90 39.45 NOTE
r-devel-linux-x86_64-fedora-clang 0.1.0 60.35 NOTE
r-devel-linux-x86_64-fedora-gcc 0.1.0 53.65 NOTE
r-devel-windows-x86_64-new-UL 0.1.0 28.00 61.00 89.00 NOTE
r-devel-windows-x86_64-new-TK 0.1.0 NOTE
r-patched-linux-x86_64 0.1.0 5.25 42.75 48.00 NOTE
r-release-linux-x86_64 0.1.0 3.98 43.53 47.51 NOTE
r-release-macos-arm64 0.1.0 NOTE
r-release-macos-x86_64 0.1.0 NOTE
r-release-windows-ix86+x86_64 0.1.0 11.00 51.00 62.00 NOTE
r-oldrel-macos-x86_64 0.1.0 OK
r-oldrel-windows-ix86+x86_64 0.1.0 11.00 52.00 63.00 OK

Check Details

Version: 0.1.0
Check: LazyData
Result: NOTE
     'LazyData' is specified without a 'data' directory
Flavors: r-devel-linux-x86_64-debian-clang, r-devel-linux-x86_64-debian-gcc, r-devel-linux-x86_64-fedora-clang, r-devel-linux-x86_64-fedora-gcc, r-devel-windows-x86_64-new-UL, r-devel-windows-x86_64-new-TK, r-patched-linux-x86_64, r-release-linux-x86_64, r-release-macos-arm64, r-release-macos-x86_64, r-release-windows-ix86+x86_64