CRAN Package Check Results for Package easycsv

Last updated on 2022-01-28 15:53:09 CET.

Flavor Version Tinstall Tcheck Ttotal Status Flags
r-devel-linux-x86_64-debian-clang 1.0.8 2.73 46.59 49.32 NOTE
r-devel-linux-x86_64-debian-gcc 1.0.8 2.20 35.65 37.85 NOTE
r-devel-linux-x86_64-fedora-clang 1.0.8 59.71 NOTE
r-devel-linux-x86_64-fedora-gcc 1.0.8 50.64 NOTE
r-devel-windows-x86_64-new-UL 1.0.8 21.00 71.00 92.00 NOTE
r-devel-windows-x86_64-new-TK 1.0.8 NOTE
r-patched-linux-x86_64 1.0.8 2.71 34.79 37.50 NOTE
r-release-linux-x86_64 1.0.8 2.78 34.63 37.41 NOTE
r-release-macos-arm64 1.0.8 NOTE
r-release-macos-x86_64 1.0.8 NOTE
r-release-windows-ix86+x86_64 1.0.8 7.00 44.00 51.00 NOTE
r-oldrel-macos-x86_64 1.0.8 OK
r-oldrel-windows-ix86+x86_64 1.0.8 7.00 46.00 53.00 OK

Check Details

Version: 1.0.8
Check: LazyData
Result: NOTE
     'LazyData' is specified without a 'data' directory
Flavors: r-devel-linux-x86_64-debian-clang, r-devel-linux-x86_64-debian-gcc, r-devel-linux-x86_64-fedora-clang, r-devel-linux-x86_64-fedora-gcc, r-devel-windows-x86_64-new-UL, r-devel-windows-x86_64-new-TK, r-patched-linux-x86_64, r-release-linux-x86_64, r-release-macos-arm64, r-release-macos-x86_64, r-release-windows-ix86+x86_64

Version: 1.0.8
Check: for non-standard things in the check directory
Result: NOTE
    Found the following files/directories:
     'example_table1.csv' 'example_table1.txt' 'example_table2.csv'
     'example_table2.txt' 'example_table3.csv' 'example_table3.txt'
     'table1.csv' 'table2.csv' 'table2.txt' 'table3.txt' 'table4.txt'
Flavors: r-devel-linux-x86_64-debian-clang, r-devel-linux-x86_64-debian-gcc, r-devel-linux-x86_64-fedora-clang, r-devel-linux-x86_64-fedora-gcc, r-patched-linux-x86_64, r-release-linux-x86_64