CRAN Package Check Results for Package easyr

Last updated on 2023-06-04 01:54:00 CEST.

Flavor Version Tinstall Tcheck Ttotal Status Flags
r-devel-linux-x86_64-debian-clang 0.5-11 5.31 64.31 69.62 OK
r-devel-linux-x86_64-debian-gcc 0.5-11 5.07 48.78 53.85 OK
r-devel-linux-x86_64-fedora-clang 0.5-11 94.09 NOTE
r-devel-linux-x86_64-fedora-gcc 0.5-11 104.47 NOTE
r-devel-windows-x86_64 0.5-11 8.00 87.00 95.00 OK
r-patched-linux-x86_64 0.5-11 OK
r-release-linux-x86_64 0.5-11 4.99 63.49 68.48 OK
r-release-macos-arm64 0.5-11 37.00 OK
r-release-macos-x86_64 0.5-11 47.00 NOTE
r-release-windows-x86_64 0.5-11 9.00 97.00 106.00 OK
r-oldrel-macos-arm64 0.5-11 25.00 OK
r-oldrel-macos-x86_64 0.5-11 49.00 OK
r-oldrel-windows-x86_64 0.5-11 8.00 86.00 94.00 OK

Check Details

Version: 0.5-11
Check: dependencies in R code
Result: NOTE
    Namespace in Imports field not imported from: ‘rprojroot’
     All declared Imports should be used.
Flavors: r-devel-linux-x86_64-fedora-clang, r-devel-linux-x86_64-fedora-gcc

Version: 0.5-11
Check: package dependencies
Result: NOTE
    Package suggested but not available for checking: ‘qs’
Flavor: r-release-macos-x86_64