CRAN Package Check Results for Package eatATA

Last updated on 2024-02-28 19:49:34 CET.

Flavor Version Tinstall Tcheck Ttotal Status Flags
r-devel-linux-x86_64-debian-clang 1.1.2 3.45 64.20 67.65 NOTE
r-devel-linux-x86_64-debian-gcc 1.1.2 3.16 48.67 51.83 NOTE
r-devel-linux-x86_64-fedora-clang 1.1.2 84.34 NOTE
r-devel-linux-x86_64-fedora-gcc 1.1.2 104.62 NOTE
r-devel-windows-x86_64 1.1.2 5.00 80.00 85.00 NOTE
r-patched-linux-x86_64 1.1.2 3.25 61.83 65.08 NOTE
r-release-linux-x86_64 1.1.2 2.76 61.57 64.33 NOTE
r-release-macos-arm64 1.1.2 46.00 NOTE
r-release-macos-x86_64 1.1.2 107.00 NOTE
r-release-windows-x86_64 1.1.2 6.00 84.00 90.00 NOTE
r-oldrel-macos-arm64 1.1.2 46.00 NOTE
r-oldrel-windows-x86_64 1.1.2 6.00 82.00 88.00 NOTE

Check Details

Version: 1.1.2
Check: package dependencies
Result: NOTE Package which this enhances but not available for checking: ‘gurobi’ Flavors: r-devel-linux-x86_64-debian-clang, r-devel-linux-x86_64-debian-gcc, r-devel-linux-x86_64-fedora-clang, r-devel-linux-x86_64-fedora-gcc, r-devel-windows-x86_64, r-patched-linux-x86_64, r-release-linux-x86_64, r-release-macos-arm64, r-release-macos-x86_64, r-release-windows-x86_64, r-oldrel-macos-arm64, r-oldrel-windows-x86_64