CRAN Package Check Results for Package eatRep

Last updated on 2022-01-25 01:53:06 CET.

Flavor Version Tinstall Tcheck Ttotal Status Flags
r-devel-linux-x86_64-debian-clang 0.13.7 17.32 297.87 315.19 OK
r-devel-linux-x86_64-debian-gcc 0.13.7 12.08 212.81 224.89 OK
r-devel-linux-x86_64-fedora-clang 0.13.7 375.30 NOTE
r-devel-linux-x86_64-fedora-gcc 0.13.7 384.67 NOTE
r-devel-windows-x86_64-new-UL 0.13.7 57.00 299.00 356.00 OK
r-devel-windows-x86_64-new-TK 0.13.7 ERROR
r-patched-linux-x86_64 0.13.7 18.33 279.26 297.59 OK
r-release-linux-x86_64 0.13.7 15.96 277.91 293.87 OK
r-release-macos-arm64 0.13.7 NOTE
r-release-macos-x86_64 0.13.7 NOTE
r-release-windows-ix86+x86_64 0.13.7 38.00 325.00 363.00 OK
r-oldrel-macos-x86_64 0.13.7 NOTE
r-oldrel-windows-ix86+x86_64 0.13.7 38.00 324.00 362.00 OK

Check Details

Version: 0.13.7
Check: dependencies in R code
Result: NOTE
    Namespace in Imports field not imported from: ‘estimatr’
     All declared Imports should be used.
Flavors: r-devel-linux-x86_64-fedora-clang, r-devel-linux-x86_64-fedora-gcc, r-release-macos-arm64, r-release-macos-x86_64, r-oldrel-macos-x86_64

Version: 0.13.7
Check: package dependencies
Result: ERROR
    Packages required but not available: 'car', 'EffectLiteR', 'lme4'
    
    See section 'The DESCRIPTION file' in the 'Writing R Extensions'
    manual.
Flavor: r-devel-windows-x86_64-new-TK