CRAN Package Check Results for Package ech

Last updated on 2022-09-29 18:48:52 CEST.

Flavor Version Tinstall Tcheck Ttotal Status Flags
r-devel-linux-x86_64-debian-clang 0.1.2.0 52.85 420.96 473.81 OK
r-devel-linux-x86_64-debian-gcc 0.1.2.0 40.44 304.23 344.67 OK
r-devel-linux-x86_64-fedora-clang 0.1.2.0 570.37 NOTE
r-devel-linux-x86_64-fedora-gcc 0.1.2.0 544.94 NOTE
r-devel-windows-x86_64 0.1.2.0 60.00 418.00 478.00 OK
r-patched-linux-x86_64 0.1.2.0 45.93 391.62 437.55 OK
r-release-linux-x86_64 0.1.2.0 32.19 399.96 432.15 OK
r-release-macos-arm64 0.1.2.0 120.00 NOTE
r-release-macos-x86_64 0.1.2.0 227.00 NOTE
r-release-windows-x86_64 0.1.2.0 68.00 410.00 478.00 OK
r-oldrel-macos-arm64 0.1.2.0 120.00 NOTE
r-oldrel-macos-x86_64 0.1.2.0 162.00 NOTE
r-oldrel-windows-ix86+x86_64 0.1.2.0 100.00 430.00 530.00 OK

Check Details

Version: 0.1.2.0
Check: data for non-ASCII characters
Result: NOTE
     Note: found 1409 marked UTF-8 strings
Flavors: r-devel-linux-x86_64-fedora-clang, r-devel-linux-x86_64-fedora-gcc, r-release-macos-arm64, r-release-macos-x86_64, r-oldrel-macos-arm64, r-oldrel-macos-x86_64