CRAN Package Check Results for Package economiccomplexity

Last updated on 2022-01-22 22:52:09 CET.

Flavor Version Tinstall Tcheck Ttotal Status Flags
r-devel-linux-x86_64-debian-clang 1.1 6.50 157.16 163.66 OK
r-devel-linux-x86_64-debian-gcc 1.1 7.59 124.21 131.80 OK
r-devel-linux-x86_64-fedora-clang 1.1 201.49 NOTE
r-devel-linux-x86_64-fedora-gcc 1.1 190.36 NOTE
r-devel-windows-x86_64-new-UL 1.1 110.00 197.00 307.00 OK
r-devel-windows-x86_64-new-TK 1.1 NOTE
r-patched-linux-x86_64 1.1 8.66 113.90 122.56 OK
r-release-linux-x86_64 1.1 9.64 113.52 123.16 OK
r-release-macos-arm64 1.1 NOTE
r-release-macos-x86_64 1.1 NOTE
r-release-windows-ix86+x86_64 1.1 17.00 136.00 153.00 OK
r-oldrel-macos-x86_64 1.1 NOTE
r-oldrel-windows-ix86+x86_64 1.1 18.00 133.00 151.00 OK

Check Details

Version: 1.1
Check: dependencies in R code
Result: NOTE
    Namespace in Imports field not imported from: ‘Rdpack’
     All declared Imports should be used.
Flavors: r-devel-linux-x86_64-fedora-clang, r-devel-linux-x86_64-fedora-gcc, r-devel-windows-x86_64-new-TK, r-release-macos-arm64, r-release-macos-x86_64, r-oldrel-macos-x86_64