CRAN Package Check Results for Package ecostatscale

Last updated on 2025-01-21 18:49:38 CET.

Flavor Version Tinstall Tcheck Ttotal Status Flags
r-devel-linux-x86_64-debian-clang 1.1 1.92 25.65 27.57 OK
r-devel-linux-x86_64-debian-gcc 1.1 1.51 19.44 20.95 OK
r-devel-linux-x86_64-fedora-clang 1.1 44.36 NOTE
r-devel-linux-x86_64-fedora-gcc 1.1 41.44 NOTE
r-devel-windows-x86_64 1.1 3.00 48.00 51.00 OK
r-patched-linux-x86_64 1.1 2.10 24.36 26.46 OK
r-release-linux-x86_64 1.1 1.72 24.31 26.03 OK
r-release-macos-arm64 1.1 16.00 OK
r-release-macos-x86_64 1.1 26.00 OK
r-release-windows-x86_64 1.1 3.00 51.00 54.00 OK
r-oldrel-macos-arm64 1.1 21.00 OK
r-oldrel-macos-x86_64 1.1 42.00 OK
r-oldrel-windows-x86_64 1.1 3.00 49.00 52.00 OK

Check Details

Version: 1.1
Check: dependencies in R code
Result: NOTE Namespace in Imports field not imported from: ‘graphics’ All declared Imports should be used. Flavors: r-devel-linux-x86_64-fedora-clang, r-devel-linux-x86_64-fedora-gcc