CRAN Package Check Results for Package ecostatscale

Last updated on 2024-07-20 04:48:30 CEST.

Flavor Version Tinstall Tcheck Ttotal Status Flags
r-devel-linux-x86_64-debian-clang 1.1 2.63 32.63 35.26 OK
r-devel-linux-x86_64-debian-gcc 1.1 1.49 24.84 26.33 OK
r-devel-linux-x86_64-fedora-clang 1.1 43.92 NOTE
r-devel-linux-x86_64-fedora-gcc 1.1 41.22 NOTE
r-devel-windows-x86_64 1.1 3.00 47.00 50.00 OK
r-patched-linux-x86_64 1.1 2.23 32.49 34.72 OK
r-release-linux-x86_64 1.1 2.35 31.94 34.29 OK
r-release-macos-arm64 1.1 16.00 OK
r-release-macos-x86_64 1.1 26.00 OK
r-release-windows-x86_64 1.1 3.00 47.00 50.00 OK
r-oldrel-macos-arm64 1.1 21.00 OK
r-oldrel-macos-x86_64 1.1 42.00 OK
r-oldrel-windows-x86_64 1.1 3.00 49.00 52.00 OK

Check Details

Version: 1.1
Check: dependencies in R code
Result: NOTE Namespace in Imports field not imported from: ‘graphics’ All declared Imports should be used. Flavors: r-devel-linux-x86_64-fedora-clang, r-devel-linux-x86_64-fedora-gcc