CRAN Package Check Results for Package edmcr

Last updated on 2022-01-27 14:53:58 CET.

Flavor Version Tinstall Tcheck Ttotal Status Flags
r-devel-linux-x86_64-debian-clang 0.2.0 18.95 116.48 135.43 OK
r-devel-linux-x86_64-debian-gcc 0.2.0 14.83 88.31 103.14 OK
r-devel-linux-x86_64-fedora-clang 0.2.0 179.76 OK
r-devel-linux-x86_64-fedora-gcc 0.2.0 164.64 OK
r-devel-windows-x86_64-new-UL 0.2.0 60.00 135.00 195.00 OK
r-devel-windows-x86_64-new-TK 0.2.0 ERROR
r-patched-linux-x86_64 0.2.0 15.43 108.23 123.66 OK
r-release-linux-x86_64 0.2.0 16.04 107.76 123.80 OK
r-release-macos-arm64 0.2.0 OK
r-release-macos-x86_64 0.2.0 OK
r-release-windows-ix86+x86_64 0.2.0 37.00 152.00 189.00 OK
r-oldrel-macos-x86_64 0.2.0 OK
r-oldrel-windows-ix86+x86_64 0.2.0 38.00 143.00 181.00 OK

Check Details

Version: 0.2.0
Check: package dependencies
Result: ERROR
    Package required but not available: 'nloptr'
    
    See section 'The DESCRIPTION file' in the 'Writing R Extensions'
    manual.
Flavor: r-devel-windows-x86_64-new-TK