CRAN Package Check Results for Package effectR

Last updated on 2023-02-02 18:54:23 CET.

Flavor Version Tinstall Tcheck Ttotal Status Flags
r-devel-linux-x86_64-debian-clang 1.0.2 4.49 45.02 49.51 OK
r-devel-linux-x86_64-debian-gcc 1.0.2 3.38 35.33 38.71 OK
r-devel-linux-x86_64-fedora-clang 1.0.2 64.52 NOTE
r-devel-linux-x86_64-fedora-gcc 1.0.2 73.06 NOTE
r-devel-windows-x86_64 1.0.2 21.00 78.00 99.00 OK
r-patched-linux-x86_64 1.0.2 10.67 44.91 55.58 OK
r-release-linux-x86_64 1.0.2 3.49 45.45 48.94 OK
r-release-macos-arm64 1.0.2 22.00 NOTE
r-release-macos-x86_64 1.0.2 45.00 NOTE
r-release-windows-x86_64 1.0.2 28.00 85.00 113.00 OK
r-oldrel-macos-arm64 1.0.2 26.00 NOTE
r-oldrel-macos-x86_64 1.0.2 43.00 NOTE
r-oldrel-windows-ix86+x86_64 1.0.2 14.00 74.00 88.00 OK

Check Details

Version: 1.0.2
Check: dependencies in R code
Result: NOTE
    Namespace in Imports field not imported from: ‘rmarkdown’
     All declared Imports should be used.
Flavors: r-devel-linux-x86_64-fedora-clang, r-devel-linux-x86_64-fedora-gcc, r-release-macos-arm64, r-release-macos-x86_64, r-oldrel-macos-arm64, r-oldrel-macos-x86_64