CRAN Package Check Results for Package einsum

Last updated on 2022-01-28 07:51:19 CET.

Flavor Version Tinstall Tcheck Ttotal Status Flags
r-devel-linux-x86_64-debian-clang 0.1.0 20.45 178.32 198.77 OK
r-devel-linux-x86_64-debian-gcc 0.1.0 12.97 111.23 124.20 OK
r-devel-linux-x86_64-fedora-clang 0.1.0 256.94 NOTE
r-devel-linux-x86_64-fedora-gcc 0.1.0 218.97 NOTE
r-devel-windows-x86_64-new-UL 0.1.0 28.00 223.00 251.00 OK
r-devel-windows-x86_64-new-TK 0.1.0 NOTE
r-patched-linux-x86_64 0.1.0 16.18 150.03 166.21 OK
r-release-linux-x86_64 0.1.0 15.60 148.48 164.08 OK
r-release-macos-arm64 0.1.0 NOTE
r-release-macos-x86_64 0.1.0 NOTE
r-release-windows-ix86+x86_64 0.1.0 46.00 346.00 392.00 OK
r-oldrel-macos-x86_64 0.1.0 NOTE
r-oldrel-windows-ix86+x86_64 0.1.0 48.00 350.00 398.00 OK

Check Details

Version: 0.1.0
Check: dependencies in R code
Result: NOTE
    Namespace in Imports field not imported from: ‘mathjaxr’
     All declared Imports should be used.
Flavors: r-devel-linux-x86_64-fedora-clang, r-devel-linux-x86_64-fedora-gcc, r-devel-windows-x86_64-new-TK, r-release-macos-arm64, r-release-macos-x86_64, r-oldrel-macos-x86_64