CRAN Package Check Results for Package electionsBR

Last updated on 2020-06-01 13:49:34 CEST.

Flavor Version Tinstall Tcheck Ttotal Status Flags
r-devel-linux-x86_64-debian-clang 0.3.1 4.40 38.11 42.51 OK
r-devel-linux-x86_64-debian-gcc 0.3.1 3.81 30.03 33.84 OK
r-devel-linux-x86_64-fedora-clang 0.3.1 61.68 NOTE
r-devel-linux-x86_64-fedora-gcc 0.3.1 51.23 NOTE
r-devel-windows-ix86+x86_64 0.3.1 18.00 101.00 119.00 OK
r-patched-linux-x86_64 0.3.1 5.44 41.92 47.36 OK
r-patched-solaris-x86 0.3.1 87.60 NOTE
r-release-linux-x86_64 0.3.1 5.00 38.17 43.17 OK
r-release-osx-x86_64 0.3.1 NOTE
r-release-windows-ix86+x86_64 0.3.1 12.00 60.00 72.00 OK
r-oldrel-osx-x86_64 0.3.1 NOTE
r-oldrel-windows-ix86+x86_64 0.3.1 10.00 56.00 66.00 OK

Check Details

Version: 0.3.1
Check: dependencies in R code
Result: NOTE
    Namespace in Imports field not imported from: ‘stats’
     All declared Imports should be used.
Flavors: r-devel-linux-x86_64-fedora-clang, r-devel-linux-x86_64-fedora-gcc, r-patched-solaris-x86, r-release-osx-x86_64, r-oldrel-osx-x86_64