CRAN Package Check Results for Package electionsBR

Last updated on 2019-09-23 19:47:26 CEST.

Flavor Version Tinstall Tcheck Ttotal Status Flags
r-devel-linux-x86_64-debian-clang 0.3.1 4.63 36.44 41.07 OK
r-devel-linux-x86_64-debian-gcc 0.3.1 3.42 28.13 31.55 OK
r-devel-linux-x86_64-fedora-clang 0.3.1 49.75 NOTE
r-devel-linux-x86_64-fedora-gcc 0.3.1 48.47 NOTE
r-devel-windows-ix86+x86_64 0.3.1 20.00 78.00 98.00 OK
r-patched-linux-x86_64 0.3.1 3.25 34.54 37.79 OK
r-patched-solaris-x86 0.3.1 71.20 NOTE
r-release-linux-x86_64 0.3.1 4.29 34.71 39.00 OK
r-release-windows-ix86+x86_64 0.3.1 20.00 70.00 90.00 OK
r-release-osx-x86_64 0.3.1 NOTE
r-oldrel-windows-ix86+x86_64 0.3.1 5.00 53.00 58.00 OK
r-oldrel-osx-x86_64 0.3.1 NOTE

Check Details

Version: 0.3.1
Check: dependencies in R code
Result: NOTE
    Namespace in Imports field not imported from: ‘stats’
     All declared Imports should be used.
Flavors: r-devel-linux-x86_64-fedora-clang, r-devel-linux-x86_64-fedora-gcc, r-patched-solaris-x86, r-release-osx-x86_64, r-oldrel-osx-x86_64