Last updated on 2021-01-27 11:50:22 CET.
Flavor | Version | Tinstall | Tcheck | Ttotal | Status | Flags |
---|---|---|---|---|---|---|
r-devel-linux-x86_64-debian-clang | 1.3.12 | 12.15 | 90.64 | 102.79 | OK | |
r-devel-linux-x86_64-debian-gcc | 1.3.12 | OK | ||||
r-devel-linux-x86_64-fedora-clang | 1.3.12 | 126.73 | NOTE | |||
r-devel-linux-x86_64-fedora-gcc | 1.3.12 | 117.71 | OK | |||
r-devel-windows-ix86+x86_64 | 1.3.12 | 23.00 | 111.00 | 134.00 | OK | |
r-patched-linux-x86_64 | 1.3.12 | 9.02 | 81.85 | 90.87 | OK | |
r-patched-solaris-x86 | 1.3.12 | 162.40 | OK | |||
r-release-linux-x86_64 | 1.3.12 | 10.39 | 82.75 | 93.14 | OK | |
r-release-macos-x86_64 | 1.3.12 | OK | ||||
r-release-windows-ix86+x86_64 | 1.3.12 | 23.00 | 78.00 | 101.00 | OK | |
r-oldrel-macos-x86_64 | 1.3.12 | NOTE | ||||
r-oldrel-windows-ix86+x86_64 | 1.3.12 | 16.00 | 101.00 | 117.00 | OK |
Version: 1.3.12
Check: Rd cross-references
Result: NOTE
Undeclared package ‘mvtnorm’ in Rd xrefs
Flavor: r-devel-linux-x86_64-fedora-clang
Version: 1.3.12
Check: dependencies in R code
Result: NOTE
No protocol specified
Flavor: r-oldrel-macos-x86_64