Last updated on 2023-03-27 23:55:39 CEST.
Flavor | Version | Tinstall | Tcheck | Ttotal | Status | Flags |
---|---|---|---|---|---|---|
r-devel-linux-x86_64-debian-clang | 2.1.3 | 31.26 | 227.38 | 258.64 | OK | |
r-devel-linux-x86_64-debian-gcc | 2.1.3 | 23.71 | 168.12 | 191.83 | OK | |
r-devel-linux-x86_64-fedora-clang | 2.1.3 | 340.75 | NOTE | |||
r-devel-linux-x86_64-fedora-gcc | 2.1.3 | 337.89 | NOTE | |||
r-patched-linux-x86_64 | 2.1.3 | 33.80 | 213.01 | 246.81 | OK | |
r-release-linux-x86_64 | 2.1.3 | 19.66 | 204.90 | 224.56 | OK | |
r-release-macos-arm64 | 2.1.3 | 74.00 | NOTE | |||
r-release-macos-x86_64 | 2.1.3 | 108.00 | NOTE | |||
r-release-windows-x86_64 | 2.1.3 | 70.00 | 250.00 | 320.00 | OK | |
r-oldrel-macos-arm64 | 2.1.2 | 111.00 | NOTE | |||
r-oldrel-macos-x86_64 | 2.1.2 | 171.00 | NOTE | |||
r-oldrel-windows-ix86+x86_64 | 2.1.2 | 57.00 | 214.00 | 271.00 | OK |
Version: 2.1.3
Check: data for non-ASCII characters
Result: NOTE
Note: found 50 marked Latin-1 strings
Flavors: r-devel-linux-x86_64-fedora-clang, r-devel-linux-x86_64-fedora-gcc, r-release-macos-arm64, r-release-macos-x86_64
Version: 2.1.2
Check: data for non-ASCII characters
Result: NOTE
Note: found 50 marked Latin-1 strings
Flavors: r-oldrel-macos-arm64, r-oldrel-macos-x86_64