CRAN Package Check Results for Package emojifont

Last updated on 2020-11-27 19:48:45 CET.

Flavor Version Tinstall Tcheck Ttotal Status Flags
r-devel-linux-x86_64-debian-clang 0.5.3 6.28 47.59 53.87 OK
r-devel-linux-x86_64-debian-gcc 0.5.3 4.93 35.59 40.52 OK
r-devel-linux-x86_64-fedora-clang 0.5.3 67.53 NOTE
r-devel-linux-x86_64-fedora-gcc 0.5.3 57.48 OK
r-devel-windows-ix86+x86_64 0.5.3 13.00 61.00 74.00 NOTE
r-patched-linux-x86_64 0.5.3 5.70 43.67 49.37 OK
r-patched-solaris-x86 0.5.3 83.50 NOTE
r-release-linux-x86_64 0.5.3 6.09 44.67 50.76 OK
r-release-macos-x86_64 0.5.3 NOTE
r-release-windows-ix86+x86_64 0.5.3 13.00 49.00 62.00 NOTE
r-oldrel-macos-x86_64 0.5.3 NOTE
r-oldrel-windows-ix86+x86_64 0.5.3 8.00 59.00 67.00 NOTE

Check Details

Version: 0.5.3
Check: installed package size
Result: NOTE
     installed size is 7.0Mb
     sub-directories of 1Mb or more:
     emoji_fonts 6.5Mb
Flavors: r-devel-linux-x86_64-fedora-clang, r-devel-windows-ix86+x86_64, r-patched-solaris-x86, r-release-macos-x86_64, r-release-windows-ix86+x86_64, r-oldrel-macos-x86_64, r-oldrel-windows-ix86+x86_64