CRAN Package Check Results for Package emstreeR

Last updated on 2020-06-01 13:49:34 CEST.

Flavor Version Tinstall Tcheck Ttotal Status Flags
r-devel-linux-x86_64-debian-clang 2.2.0 45.75 31.99 77.74 OK
r-devel-linux-x86_64-debian-gcc 2.2.0 33.13 25.78 58.91 OK
r-devel-linux-x86_64-fedora-clang 2.2.0 110.37 NOTE
r-devel-linux-x86_64-fedora-gcc 2.2.0 93.92 OK
r-devel-windows-ix86+x86_64 2.2.0 127.00 68.00 195.00 OK
r-patched-linux-x86_64 2.2.0 35.32 32.23 67.55 OK
r-patched-solaris-x86 2.2.0 103.90 OK
r-release-linux-x86_64 2.2.0 33.75 32.04 65.79 OK
r-release-osx-x86_64 2.2.0 WARN
r-release-windows-ix86+x86_64 2.2.0 99.00 86.00 185.00 OK
r-oldrel-osx-x86_64 2.2.0 WARN
r-oldrel-windows-ix86+x86_64 2.2.0 94.00 62.00 156.00 OK

Check Details

Version: 2.2.0
Check: installed package size
Result: NOTE
     installed size is 5.9Mb
     sub-directories of 1Mb or more:
     lib 4.0Mb
     libs 1.4Mb
Flavor: r-devel-linux-x86_64-fedora-clang

Version: 2.2.0
Check: whether package can be installed
Result: WARN
    Found the following significant warnings:
     WARNING: shared objects/dynamic libraries with hard-coded temporary installation paths
Flavors: r-release-osx-x86_64, r-oldrel-osx-x86_64