CRAN Package Check Results for Package emstreeR

Last updated on 2019-09-23 20:47:33 CEST.

Flavor Version Tinstall Tcheck Ttotal Status Flags
r-devel-linux-x86_64-debian-clang 2.2.0 35.97 28.41 64.38 OK
r-devel-linux-x86_64-debian-gcc 2.2.0 27.63 24.26 51.89 OK
r-devel-linux-x86_64-fedora-clang 2.2.0 88.23 NOTE
r-devel-linux-x86_64-fedora-gcc 2.2.0 87.59 OK
r-devel-windows-ix86+x86_64 2.2.0 123.00 88.00 211.00 OK
r-patched-linux-x86_64 2.2.0 30.74 29.34 60.08 OK
r-patched-solaris-x86 2.2.0 96.10 OK
r-release-linux-x86_64 2.2.0 30.88 29.21 60.09 OK
r-release-windows-ix86+x86_64 2.2.0 134.00 93.00 227.00 OK
r-release-osx-x86_64 2.2.0 WARN
r-oldrel-windows-ix86+x86_64 2.2.0 79.00 58.00 137.00 OK
r-oldrel-osx-x86_64 2.2.0 OK

Check Details

Version: 2.2.0
Check: installed package size
Result: NOTE
     installed size is 5.2Mb
     sub-directories of 1Mb or more:
     lib 3.5Mb
     libs 1.1Mb
Flavor: r-devel-linux-x86_64-fedora-clang

Version: 2.2.0
Check: whether package can be installed
Result: WARN
    Found the following significant warnings:
     WARNING: shared objects/dynamic libraries with hard-coded temporary installation paths
Flavor: r-release-osx-x86_64