CRAN Package Check Results for Package enerscape

Last updated on 2021-10-28 11:51:25 CEST.

Flavor Version Tinstall Tcheck Ttotal Status Flags
r-devel-linux-x86_64-debian-clang 0.1.3 2.69 53.36 56.05 OK
r-devel-linux-x86_64-debian-gcc 0.1.3 2.03 40.65 42.68 OK
r-devel-linux-x86_64-fedora-clang 0.1.3 79.26 NOTE
r-devel-linux-x86_64-fedora-gcc 0.1.3 67.73 NOTE
r-devel-windows-x86_64 0.1.3 5.00 78.00 83.00 OK
r-devel-windows-x86_64-gcc10-UCRT 0.1.3 NOTE
r-patched-linux-x86_64 0.1.3 2.51 52.38 54.89 OK
r-patched-solaris-x86 0.1.3 78.70 NOTE
r-release-linux-x86_64 0.1.3 2.63 52.16 54.79 OK
r-release-macos-arm64 0.1.3 NOTE
r-release-macos-x86_64 0.1.3 NOTE
r-release-windows-ix86+x86_64 0.1.3 4.00 75.00 79.00 OK
r-oldrel-macos-x86_64 0.1.3 NOTE
r-oldrel-windows-ix86+x86_64 0.1.3 6.00 75.00 81.00 OK

Check Details

Version: 0.1.3
Check: dependencies in R code
Result: NOTE
    Namespaces in Imports field not imported from:
     ‘rgdal’ ‘rgeos’
     All declared Imports should be used.
Flavors: r-devel-linux-x86_64-fedora-clang, r-devel-linux-x86_64-fedora-gcc, r-devel-windows-x86_64-gcc10-UCRT, r-patched-solaris-x86, r-release-macos-arm64, r-release-macos-x86_64, r-oldrel-macos-x86_64