CRAN Package Check Results for Package epr

Last updated on 2022-01-26 02:51:07 CET.

Flavor Version Tinstall Tcheck Ttotal Status Flags
r-devel-linux-x86_64-debian-clang 3.0 9.48 93.48 102.96 OK
r-devel-linux-x86_64-debian-gcc 3.0 8.47 71.12 79.59 OK
r-devel-linux-x86_64-fedora-clang 3.0 118.88 OK
r-devel-linux-x86_64-fedora-gcc 3.0 115.25 OK
r-devel-windows-x86_64-new-UL 3.0 22.00 109.00 131.00 OK
r-devel-windows-x86_64-new-TK 3.0 ERROR
r-patched-linux-x86_64 3.0 9.47 84.51 93.98 OK
r-release-linux-x86_64 3.0 7.18 85.49 92.67 OK
r-release-macos-arm64 3.0 OK
r-release-macos-x86_64 3.0 OK
r-release-windows-ix86+x86_64 3.0 23.00 96.00 119.00 OK
r-oldrel-macos-x86_64 3.0 OK
r-oldrel-windows-ix86+x86_64 3.0 22.00 105.00 127.00 OK

Check Details

Version: 3.0
Check: package dependencies
Result: ERROR
    Packages required but not available: 'car', 'lme4'
    
    See section 'The DESCRIPTION file' in the 'Writing R Extensions'
    manual.
Flavor: r-devel-windows-x86_64-new-TK