CRAN Package Check Results for Package erp.easy

Last updated on 2019-09-24 10:51:20 CEST.

Flavor Version Tinstall Tcheck Ttotal Status Flags
r-devel-linux-x86_64-debian-clang 1.1.0 3.65 27.36 31.01 OK
r-devel-linux-x86_64-debian-gcc 1.1.0 3.17 21.17 24.34 OK
r-devel-linux-x86_64-fedora-clang 1.1.0 37.00 NOTE
r-devel-linux-x86_64-fedora-gcc 1.1.0 35.89 NOTE
r-devel-windows-ix86+x86_64 1.1.0 11.00 55.00 66.00 OK
r-patched-linux-x86_64 1.1.0 3.17 26.47 29.64 OK
r-patched-solaris-x86 1.1.0 52.90 NOTE
r-release-linux-x86_64 1.1.0 2.89 26.89 29.78 OK
r-release-windows-ix86+x86_64 1.1.0 8.00 56.00 64.00 OK
r-release-osx-x86_64 1.1.0 NOTE
r-oldrel-windows-ix86+x86_64 1.1.0 5.00 36.00 41.00 OK
r-oldrel-osx-x86_64 1.1.0 NOTE

Check Details

Version: 1.1.0
Check: dependencies in R code
Result: NOTE
    Namespace in Imports field not imported from: ‘signal’
     All declared Imports should be used.
Flavors: r-devel-linux-x86_64-fedora-clang, r-devel-linux-x86_64-fedora-gcc, r-patched-solaris-x86, r-release-osx-x86_64, r-oldrel-osx-x86_64