CRAN Package Check Results for Package erp.easy

Last updated on 2020-07-09 21:48:27 CEST.

Flavor Version Tinstall Tcheck Ttotal Status Flags
r-devel-linux-x86_64-debian-clang 1.1.0 3.47 29.70 33.17 OK
r-devel-linux-x86_64-debian-gcc 1.1.0 3.29 23.05 26.34 OK
r-devel-linux-x86_64-fedora-clang 1.1.0 48.30 NOTE
r-devel-linux-x86_64-fedora-gcc 1.1.0 38.78 NOTE
r-devel-windows-ix86+x86_64 1.1.0 6.00 40.00 46.00 OK
r-patched-linux-x86_64 1.1.0 3.94 29.60 33.54 OK
r-patched-solaris-x86 1.1.0 56.70 NOTE
r-release-linux-x86_64 1.1.0 3.63 29.32 32.95 OK
r-release-osx-x86_64 1.1.0 NOTE
r-release-windows-ix86+x86_64 1.1.0 7.00 54.00 61.00 OK
r-oldrel-osx-x86_64 1.1.0 NOTE
r-oldrel-windows-ix86+x86_64 1.1.0 8.00 52.00 60.00 OK

Check Details

Version: 1.1.0
Check: dependencies in R code
Result: NOTE
    Namespace in Imports field not imported from: ‘signal’
     All declared Imports should be used.
Flavors: r-devel-linux-x86_64-fedora-clang, r-devel-linux-x86_64-fedora-gcc, r-patched-solaris-x86, r-release-osx-x86_64, r-oldrel-osx-x86_64