CRAN Package Check Results for Package err

Last updated on 2022-01-28 15:53:10 CET.

Flavor Version Tinstall Tcheck Ttotal Status Flags
r-devel-linux-x86_64-debian-clang 0.2.0 1.99 31.39 33.38 NOTE
r-devel-linux-x86_64-debian-gcc 0.2.0 1.58 24.81 26.39 NOTE
r-devel-linux-x86_64-fedora-clang 0.2.0 40.84 NOTE
r-devel-linux-x86_64-fedora-gcc 0.2.0 30.08 NOTE
r-devel-windows-x86_64-new-UL 0.2.0 25.00 48.00 73.00 NOTE
r-devel-windows-x86_64-new-TK 0.2.0 NOTE
r-patched-linux-x86_64 0.2.0 1.52 29.77 31.29 NOTE
r-release-linux-x86_64 0.2.0 1.90 29.61 31.51 NOTE
r-release-macos-arm64 0.2.0 NOTE
r-release-macos-x86_64 0.2.0 NOTE
r-release-windows-ix86+x86_64 0.2.0 5.00 39.00 44.00 NOTE
r-oldrel-macos-x86_64 0.2.0 OK
r-oldrel-windows-ix86+x86_64 0.2.0 5.00 38.00 43.00 OK

Check Details

Version: 0.2.0
Check: LazyData
Result: NOTE
     'LazyData' is specified without a 'data' directory
Flavors: r-devel-linux-x86_64-debian-clang, r-devel-linux-x86_64-debian-gcc, r-devel-linux-x86_64-fedora-clang, r-devel-linux-x86_64-fedora-gcc, r-devel-windows-x86_64-new-UL, r-devel-windows-x86_64-new-TK, r-patched-linux-x86_64, r-release-linux-x86_64, r-release-macos-arm64, r-release-macos-x86_64, r-release-windows-ix86+x86_64