CRAN Package Check Results for Package errum

Last updated on 2024-02-28 08:54:26 CET.

Flavor Version Tinstall Tcheck Ttotal Status Flags
r-devel-linux-x86_64-debian-clang 0.0.3 42.40 31.25 73.65 NOTE
r-devel-linux-x86_64-debian-gcc 0.0.3 32.75 24.31 57.06 NOTE
r-devel-linux-x86_64-fedora-clang 0.0.3 99.14 NOTE
r-devel-linux-x86_64-fedora-gcc 0.0.3 105.33 NOTE
r-devel-windows-x86_64 0.0.3 31.00 67.00 98.00 NOTE
r-patched-linux-x86_64 0.0.3 38.41 31.01 69.42 NOTE
r-release-linux-x86_64 0.0.3 39.39 30.86 70.25 NOTE
r-release-macos-arm64 0.0.3 29.00 NOTE
r-release-macos-x86_64 0.0.3 47.00 NOTE
r-release-windows-x86_64 0.0.3 39.00 76.00 115.00 NOTE
r-oldrel-macos-arm64 0.0.3 29.00 NOTE
r-oldrel-windows-x86_64 0.0.3 38.00 72.00 110.00 NOTE

Check Details

Version: 0.0.3
Check: C++ specification
Result: NOTE Specified C++11: please drop specification unless essential Flavors: r-devel-linux-x86_64-debian-clang, r-devel-linux-x86_64-debian-gcc, r-devel-linux-x86_64-fedora-clang, r-devel-linux-x86_64-fedora-gcc, r-devel-windows-x86_64, r-patched-linux-x86_64, r-release-linux-x86_64, r-release-macos-arm64, r-release-macos-x86_64, r-release-windows-x86_64

Version: 0.0.3
Check: LazyData
Result: NOTE 'LazyData' is specified without a 'data' directory Flavors: r-devel-linux-x86_64-debian-clang, r-devel-linux-x86_64-debian-gcc, r-devel-linux-x86_64-fedora-clang, r-devel-linux-x86_64-fedora-gcc, r-devel-windows-x86_64, r-patched-linux-x86_64, r-release-linux-x86_64, r-release-macos-arm64, r-release-macos-x86_64, r-release-windows-x86_64, r-oldrel-macos-arm64, r-oldrel-windows-x86_64