CRAN Package Check Results for Package errum

Last updated on 2024-07-17 10:23:42 CEST.

Flavor Version Tinstall Tcheck Ttotal Status Flags
r-devel-linux-x86_64-debian-clang 0.0.3 41.26 32.72 73.98 NOTE
r-devel-linux-x86_64-debian-gcc 0.0.3 28.33 24.53 52.86 NOTE
r-devel-linux-x86_64-fedora-clang 0.0.3 100.65 NOTE
r-devel-linux-x86_64-fedora-gcc 0.0.3 103.26 NOTE
r-devel-windows-x86_64 0.0.3 34.00 66.00 100.00 NOTE
r-patched-linux-x86_64 0.0.3 34.16 30.86 65.02 NOTE
r-release-linux-x86_64 0.0.3 36.54 30.99 67.53 NOTE
r-release-macos-arm64 0.0.3 28.00 NOTE
r-release-macos-x86_64 0.0.3 36.00 NOTE
r-release-windows-x86_64 0.0.3 32.00 65.00 97.00 NOTE
r-oldrel-macos-arm64 0.0.3 29.00 NOTE
r-oldrel-macos-x86_64 0.0.3 47.00 NOTE
r-oldrel-windows-x86_64 0.0.3 40.00 74.00 114.00 NOTE

Check Details

Version: 0.0.3
Check: C++ specification
Result: NOTE Specified C++11: please drop specification unless essential Flavors: r-devel-linux-x86_64-debian-clang, r-devel-linux-x86_64-debian-gcc, r-devel-linux-x86_64-fedora-clang, r-devel-linux-x86_64-fedora-gcc, r-devel-windows-x86_64, r-patched-linux-x86_64, r-release-linux-x86_64, r-release-macos-arm64, r-release-macos-x86_64, r-release-windows-x86_64, r-oldrel-macos-arm64, r-oldrel-macos-x86_64, r-oldrel-windows-x86_64

Version: 0.0.3
Check: LazyData
Result: NOTE 'LazyData' is specified without a 'data' directory Flavors: r-devel-linux-x86_64-debian-clang, r-devel-linux-x86_64-debian-gcc, r-devel-linux-x86_64-fedora-clang, r-devel-linux-x86_64-fedora-gcc, r-devel-windows-x86_64, r-patched-linux-x86_64, r-release-linux-x86_64, r-release-macos-arm64, r-release-macos-x86_64, r-release-windows-x86_64, r-oldrel-macos-arm64, r-oldrel-macos-x86_64, r-oldrel-windows-x86_64