CRAN Package Check Results for Package esaddle

Last updated on 2019-09-16 20:47:45 CEST.

Flavor Version Tinstall Tcheck Ttotal Status Flags
r-devel-linux-x86_64-debian-clang 0.0.3 15.72 51.02 66.74 OK
r-devel-linux-x86_64-debian-gcc 0.0.3 14.69 39.46 54.15 OK
r-devel-linux-x86_64-fedora-clang 0.0.3 87.20 NOTE
r-devel-linux-x86_64-fedora-gcc 0.0.3 85.01 NOTE
r-devel-windows-ix86+x86_64 0.0.3 50.00 160.00 210.00 OK
r-patched-linux-x86_64 0.0.3 15.12 48.98 64.10 OK
r-patched-solaris-x86 0.0.3 179.10 OK
r-release-linux-x86_64 0.0.3 15.61 50.98 66.59 OK
r-release-windows-ix86+x86_64 0.0.3 35.00 120.00 155.00 OK
r-release-osx-x86_64 0.0.3 OK
r-oldrel-windows-ix86+x86_64 0.0.3 43.00 126.00 169.00 OK
r-oldrel-osx-x86_64 0.0.3 OK

Check Details

Version: 0.0.3
Check: compiled code
Result: NOTE
    File ‘esaddle/libs/esaddle.so’:
     Found no calls to: ‘R_registerRoutines’, ‘R_useDynamicSymbols’
    
    It is good practice to register native routines and to disable symbol
    search.
    
    See ‘Writing portable packages’ in the ‘Writing R Extensions’ manual.
Flavors: r-devel-linux-x86_64-fedora-clang, r-devel-linux-x86_64-fedora-gcc