CRAN Package Check Results for Package eseis

Last updated on 2019-09-18 19:46:25 CEST.

Flavor Version Tinstall Tcheck Ttotal Status Flags
r-devel-linux-x86_64-debian-clang 0.4.0 27.31 73.85 101.16 OK
r-devel-linux-x86_64-debian-gcc 0.4.0 20.91 59.61 80.52 OK
r-devel-linux-x86_64-fedora-clang 0.4.0 131.08 OK
r-devel-linux-x86_64-fedora-gcc 0.4.0 124.58 OK
r-devel-windows-ix86+x86_64 0.4.0 73.00 179.00 252.00 OK
r-patched-linux-x86_64 0.4.0 22.87 72.26 95.13 OK
r-patched-solaris-x86 0.4.0 178.50 OK
r-release-linux-x86_64 0.4.0 20.99 73.44 94.43 OK
r-release-windows-ix86+x86_64 0.4.0 47.00 130.00 177.00 OK
r-release-osx-x86_64 0.4.0 FAIL
r-oldrel-windows-ix86+x86_64 0.4.0 43.00 127.00 170.00 OK
r-oldrel-osx-x86_64 0.4.0 OK

Check Details

Version: 0.4.0
Check: dependencies in R code
Result: FAIL
    
Flavor: r-release-osx-x86_64