CRAN Package Check Results for Package estimraw

Last updated on 2022-08-14 02:51:43 CEST.

Flavor Version Tinstall Tcheck Ttotal Status Flags
r-devel-linux-x86_64-debian-clang 1.0.0 5.73 48.87 54.60 NOTE
r-devel-linux-x86_64-debian-gcc 1.0.0 4.65 36.78 41.43 NOTE
r-devel-linux-x86_64-fedora-clang 1.0.0 79.38 NOTE
r-devel-linux-x86_64-fedora-gcc 1.0.0 79.52 NOTE
r-devel-windows-x86_64 1.0.0 12.00 70.00 82.00 NOTE
r-patched-linux-x86_64 1.0.0 5.76 45.94 51.70 NOTE
r-release-linux-x86_64 1.0.0 4.02 45.82 49.84 NOTE
r-release-macos-arm64 1.0.0 21.00 NOTE
r-release-macos-x86_64 1.0.0 39.00 NOTE
r-release-windows-x86_64 1.0.0 9.00 70.00 79.00 NOTE
r-oldrel-macos-arm64 1.0.0 26.00 NOTE
r-oldrel-macos-x86_64 1.0.0 33.00 NOTE
r-oldrel-windows-ix86+x86_64 1.0.0 15.00 66.00 81.00 NOTE

Check Details

Version: 1.0.0
Check: LazyData
Result: NOTE
     'LazyData' is specified without a 'data' directory
Flavors: r-devel-linux-x86_64-debian-clang, r-devel-linux-x86_64-debian-gcc, r-devel-linux-x86_64-fedora-clang, r-devel-linux-x86_64-fedora-gcc, r-devel-windows-x86_64, r-patched-linux-x86_64, r-release-linux-x86_64, r-release-macos-arm64, r-release-macos-x86_64, r-release-windows-x86_64, r-oldrel-macos-arm64, r-oldrel-macos-x86_64, r-oldrel-windows-ix86+x86_64