CRAN Package Check Results for Package etl

Last updated on 2019-09-15 05:46:13 CEST.

Flavor Version Tinstall Tcheck Ttotal Status Flags
r-devel-linux-x86_64-debian-clang 0.3.7 5.89 70.43 76.32 NOTE
r-devel-linux-x86_64-debian-gcc 0.3.7 4.66 54.23 58.89 NOTE
r-devel-linux-x86_64-fedora-clang 0.3.7 90.34 NOTE
r-devel-linux-x86_64-fedora-gcc 0.3.7 87.73 NOTE
r-devel-windows-ix86+x86_64 0.3.7 27.00 87.00 114.00 OK
r-patched-linux-x86_64 0.3.7 5.67 67.72 73.39 NOTE
r-patched-solaris-x86 0.3.7 112.40 NOTE
r-release-linux-x86_64 0.3.7 5.54 66.80 72.34 NOTE
r-release-windows-ix86+x86_64 0.3.7 15.00 87.00 102.00 OK
r-release-osx-x86_64 0.3.7 OK
r-oldrel-windows-ix86+x86_64 0.3.7 11.00 77.00 88.00 OK
r-oldrel-osx-x86_64 0.3.7 OK

Check Details

Version: 0.3.7
Check: package dependencies
Result: NOTE
    Package suggested but not available for checking: 'MonetDBLite'
Flavors: r-devel-linux-x86_64-debian-clang, r-devel-linux-x86_64-debian-gcc, r-devel-linux-x86_64-fedora-clang, r-devel-linux-x86_64-fedora-gcc, r-patched-linux-x86_64, r-patched-solaris-x86, r-release-linux-x86_64