Last updated on 2021-03-06 16:46:58 CET.
Flavor | Version | Tinstall | Tcheck | Ttotal | Status | Flags |
---|---|---|---|---|---|---|
r-devel-linux-x86_64-debian-clang | 6.1.0 | 72.17 | 74.52 | 146.69 | OK | |
r-devel-linux-x86_64-debian-gcc | 6.1.0 | 49.49 | 56.57 | 106.06 | OK | |
r-devel-linux-x86_64-fedora-clang | 6.1.0 | 218.61 | OK | |||
r-devel-linux-x86_64-fedora-gcc | 6.1.0 | 181.97 | OK | |||
r-devel-windows-ix86+x86_64 | 6.1.0 | 168.00 | 136.00 | 304.00 | OK | |
r-patched-linux-x86_64 | 6.1.0 | OK | ||||
r-patched-solaris-x86 | 6.1.0 | 199.00 | OK | |||
r-release-linux-x86_64 | 6.1.0 | 59.66 | 70.69 | 130.35 | OK | |
r-release-macos-x86_64 | 6.1.0 | NOTE | ||||
r-release-windows-ix86+x86_64 | 6.1.0 | 123.00 | 101.00 | 224.00 | OK | |
r-oldrel-macos-x86_64 | 6.1.0 | OK | ||||
r-oldrel-windows-ix86+x86_64 | 6.1.0 | 111.00 | 104.00 | 215.00 | OK |
Version: 6.1.0
Check: installed package size
Result: NOTE
installed size is 5.1Mb
sub-directories of 1Mb or more:
doc 1.1Mb
libs 3.2Mb
Flavor: r-release-macos-x86_64