CRAN Package Check Results for Package eulerr

Last updated on 2020-06-01 15:47:42 CEST.

Flavor Version Tinstall Tcheck Ttotal Status Flags
r-devel-linux-x86_64-debian-clang 6.1.0 66.61 71.36 137.97 OK
r-devel-linux-x86_64-debian-gcc 6.1.0 52.15 55.90 108.05 OK
r-devel-linux-x86_64-fedora-clang 6.1.0 197.72 NOTE
r-devel-linux-x86_64-fedora-gcc 6.1.0 176.95 OK
r-devel-windows-ix86+x86_64 6.1.0 172.00 154.00 326.00 OK
r-patched-linux-x86_64 6.1.0 57.20 70.06 127.26 OK
r-patched-solaris-x86 6.1.0 188.70 OK
r-release-linux-x86_64 6.1.0 57.42 70.81 128.23 OK
r-release-osx-x86_64 6.1.0 NOTE
r-release-windows-ix86+x86_64 6.1.0 141.00 154.00 295.00 OK
r-oldrel-osx-x86_64 6.1.0 OK
r-oldrel-windows-ix86+x86_64 6.1.0 161.00 119.00 280.00 OK

Check Details

Version: 6.1.0
Check: installed package size
Result: NOTE
     installed size is 5.0Mb
     sub-directories of 1Mb or more:
     doc 1.1Mb
     libs 3.1Mb
Flavors: r-devel-linux-x86_64-fedora-clang, r-release-osx-x86_64