CRAN Package Check Results for Package eva

Last updated on 2019-12-14 23:47:20 CET.

Flavor Version Tinstall Tcheck Ttotal Status Flags
r-devel-linux-x86_64-debian-clang 0.2.5 12.78 97.40 110.18 OK
r-devel-linux-x86_64-debian-gcc 0.2.5 9.99 74.25 84.24 OK
r-devel-linux-x86_64-fedora-clang 0.2.5 131.12 NOTE
r-devel-linux-x86_64-fedora-gcc 0.2.5 128.41 NOTE
r-devel-windows-ix86+x86_64 0.2.5 20.00 146.00 166.00 OK
r-devel-windows-ix86+x86_64-gcc8 0.2.5 22.00 149.00 171.00 OK
r-patched-linux-x86_64 0.2.5 11.64 87.38 99.02 OK
r-patched-solaris-x86 0.2.5 170.20 NOTE
r-release-linux-x86_64 0.2.5 9.98 86.42 96.40 OK
r-release-windows-ix86+x86_64 0.2.5 17.00 94.00 111.00 OK
r-release-osx-x86_64 0.2.5 NOTE
r-oldrel-windows-ix86+x86_64 0.2.5 14.00 92.00 106.00 OK
r-oldrel-osx-x86_64 0.2.5 NOTE

Check Details

Version: 0.2.5
Check: dependencies in R code
Result: NOTE
    Namespace in Imports field not imported from: ‘EnvStats’
     All declared Imports should be used.
Flavors: r-devel-linux-x86_64-fedora-clang, r-devel-linux-x86_64-fedora-gcc, r-patched-solaris-x86, r-release-osx-x86_64, r-oldrel-osx-x86_64