CRAN Package Check Results for Package eva

Last updated on 2019-08-18 03:46:11 CEST.

Flavor Version Tinstall Tcheck Ttotal Status Flags
r-devel-linux-x86_64-debian-clang 0.2.5 12.52 88.82 101.34 OK
r-devel-linux-x86_64-debian-gcc 0.2.5 9.08 69.44 78.52 OK
r-devel-linux-x86_64-fedora-clang 0.2.5 120.65 NOTE
r-devel-linux-x86_64-fedora-gcc 0.2.5 114.55 NOTE
r-devel-windows-ix86+x86_64 0.2.5 24.00 132.00 156.00 OK
r-patched-linux-x86_64 0.2.5 11.31 86.60 97.91 OK
r-patched-solaris-x86 0.2.5 175.90 NOTE
r-release-linux-x86_64 0.2.5 9.25 86.58 95.83 OK
r-release-windows-ix86+x86_64 0.2.5 23.00 129.00 152.00 OK
r-release-osx-x86_64 0.2.5 NOTE
r-oldrel-windows-ix86+x86_64 0.2.5 17.00 120.00 137.00 OK
r-oldrel-osx-x86_64 0.2.5 NOTE

Check Details

Version: 0.2.5
Check: dependencies in R code
Result: NOTE
    Namespace in Imports field not imported from: ‘EnvStats’
     All declared Imports should be used.
Flavors: r-devel-linux-x86_64-fedora-clang, r-devel-linux-x86_64-fedora-gcc, r-patched-solaris-x86, r-release-osx-x86_64, r-oldrel-osx-x86_64