CRAN Package Check Results for Package evidence

Last updated on 2022-01-28 15:01:40 CET.

Flavor Version Tinstall Tcheck Ttotal Status Flags
r-devel-linux-x86_64-debian-clang 0.8.10 16.88 228.77 245.65 OK
r-devel-linux-x86_64-debian-gcc 0.8.10 12.91 168.12 181.03 OK
r-devel-linux-x86_64-fedora-clang 0.8.10 279.25 OK
r-devel-linux-x86_64-fedora-gcc 0.8.10 292.23 OK
r-devel-windows-x86_64-new-UL 0.8.10 84.00 245.00 329.00 OK
r-devel-windows-x86_64-new-TK 0.8.10 ERROR
r-patched-linux-x86_64 0.8.10 22.70 204.71 227.41 OK
r-release-linux-x86_64 0.8.10 21.83 198.23 220.06 OK
r-release-macos-arm64 0.8.10 OK
r-release-macos-x86_64 0.8.10 OK
r-release-windows-ix86+x86_64 0.8.10 56.00 237.00 293.00 OK
r-oldrel-macos-x86_64 0.8.10 OK
r-oldrel-windows-ix86+x86_64 0.8.10 52.00 232.00 284.00 OK

Check Details

Version: 0.8.10
Check: package dependencies
Result: ERROR
    Package required but not available: 'rstanarm'
    
    See section 'The DESCRIPTION file' in the 'Writing R Extensions'
    manual.
Flavor: r-devel-windows-x86_64-new-TK