CRAN Package Check Results for Package exams2sakai

Last updated on 2022-01-25 18:51:40 CET.

Flavor Version Tinstall Tcheck Ttotal Status Flags
r-devel-linux-x86_64-debian-clang 0.3 3.49 38.11 41.60 OK
r-devel-linux-x86_64-debian-gcc 0.3 2.50 29.33 31.83 OK
r-devel-linux-x86_64-fedora-clang 0.3 50.91 NOTE
r-devel-linux-x86_64-fedora-gcc 0.3 39.96 OK
r-devel-windows-x86_64-new-UL 0.3 33.00 64.00 97.00 OK
r-devel-windows-x86_64-new-TK 0.3 OK
r-patched-linux-x86_64 0.3 5.22 35.75 40.97 OK
r-release-linux-x86_64 0.3 3.51 35.39 38.90 OK
r-release-macos-arm64 0.3 OK
r-release-macos-x86_64 0.3 OK
r-release-windows-ix86+x86_64 0.3 8.00 44.00 52.00 OK
r-oldrel-macos-x86_64 0.3 OK
r-oldrel-windows-ix86+x86_64 0.3 9.00 40.00 49.00 OK

Check Details

Version: 0.3
Check: Rd cross-references
Result: NOTE
    Undeclared package ‘tth’ in Rd xrefs
Flavor: r-devel-linux-x86_64-fedora-clang