CRAN Package Check Results for Package excelR

Last updated on 2021-04-16 08:48:24 CEST.

Flavor Version Tinstall Tcheck Ttotal Status Flags
r-devel-linux-x86_64-debian-clang 0.4.0 2.59 31.20 33.79 NOTE
r-devel-linux-x86_64-debian-gcc 0.4.0 2.13 24.05 26.18 NOTE
r-devel-linux-x86_64-fedora-clang 0.4.0 49.93 NOTE
r-devel-linux-x86_64-fedora-gcc 0.4.0 39.19 NOTE
r-devel-windows-ix86+x86_64 0.4.0 6.00 48.00 54.00 NOTE
r-devel-windows-x86_64-gcc10-UCRT 0.4.0 NOTE
r-patched-linux-x86_64 0.4.0 2.67 29.83 32.50 OK
r-patched-solaris-x86 0.4.0 61.30 OK
r-release-linux-x86_64 0.4.0 2.75 30.01 32.76 OK
r-release-macos-x86_64 0.4.0 OK
r-release-windows-ix86+x86_64 0.4.0 6.00 48.00 54.00 OK
r-oldrel-macos-x86_64 0.4.0 OK
r-oldrel-windows-ix86+x86_64 0.4.0 4.00 47.00 51.00 OK

Check Details

Version: 0.4.0
Check: LazyData
Result: NOTE
     'LazyData' is specified without a 'data' directory
Flavors: r-devel-linux-x86_64-debian-clang, r-devel-linux-x86_64-debian-gcc, r-devel-linux-x86_64-fedora-clang, r-devel-linux-x86_64-fedora-gcc, r-devel-windows-ix86+x86_64, r-devel-windows-x86_64-gcc10-UCRT