CRAN Package Check Results for Package expDB

Last updated on 2022-01-22 07:52:42 CET.

Flavor Version Tinstall Tcheck Ttotal Status Flags
r-devel-linux-x86_64-debian-clang 0.1.0 5.12 50.66 55.78 OK
r-devel-linux-x86_64-debian-gcc 0.1.0 3.70 38.46 42.16 OK
r-devel-linux-x86_64-fedora-clang 0.1.0 67.82 NOTE
r-devel-linux-x86_64-fedora-gcc 0.1.0 60.75 NOTE
r-devel-windows-x86_64-new-UL 0.1.0 45.00 76.00 121.00 OK
r-devel-windows-x86_64-new-TK 0.1.0 NOTE
r-patched-linux-x86_64 0.1.0 5.04 48.61 53.65 OK
r-release-linux-x86_64 0.1.0 3.50 49.18 52.68 OK
r-release-macos-arm64 0.1.0 NOTE
r-release-macos-x86_64 0.1.0 NOTE
r-release-windows-ix86+x86_64 0.1.0 11.00 60.00 71.00 OK
r-oldrel-macos-x86_64 0.1.0 NOTE
r-oldrel-windows-ix86+x86_64 0.1.0 12.00 56.00 68.00 OK

Check Details

Version: 0.1.0
Check: dependencies in R code
Result: NOTE
    Namespace in Imports field not imported from: ‘tidyverse’
     All declared Imports should be used.
Flavors: r-devel-linux-x86_64-fedora-clang, r-devel-linux-x86_64-fedora-gcc, r-devel-windows-x86_64-new-TK, r-release-macos-arm64, r-release-macos-x86_64, r-oldrel-macos-x86_64