CRAN Package Check Results for Package extraoperators

Last updated on 2022-01-23 02:56:10 CET.

Flavor Version Tinstall Tcheck Ttotal Status Flags
r-devel-linux-x86_64-debian-clang 0.1.1 1.77 34.42 36.19 NOTE
r-devel-linux-x86_64-debian-gcc 0.1.1 1.84 27.56 29.40 NOTE
r-devel-linux-x86_64-fedora-clang 0.1.1 47.25 NOTE
r-devel-linux-x86_64-fedora-gcc 0.1.1 37.21 NOTE
r-devel-windows-x86_64-new-UL 0.1.1 80.00 57.00 137.00 NOTE
r-devel-windows-x86_64-new-TK 0.1.1 NOTE
r-patched-linux-x86_64 0.1.1 1.80 33.27 35.07 NOTE
r-release-linux-x86_64 0.1.1 2.11 33.51 35.62 NOTE
r-release-macos-arm64 0.1.1 NOTE
r-release-macos-x86_64 0.1.1 NOTE
r-release-windows-ix86+x86_64 0.1.1 6.00 43.00 49.00 NOTE
r-oldrel-macos-x86_64 0.1.1 OK
r-oldrel-windows-ix86+x86_64 0.1.1 5.00 42.00 47.00 OK

Check Details

Version: 0.1.1
Check: LazyData
Result: NOTE
     'LazyData' is specified without a 'data' directory
Flavors: r-devel-linux-x86_64-debian-clang, r-devel-linux-x86_64-debian-gcc, r-devel-linux-x86_64-fedora-clang, r-devel-linux-x86_64-fedora-gcc, r-devel-windows-x86_64-new-UL, r-devel-windows-x86_64-new-TK, r-patched-linux-x86_64, r-release-linux-x86_64, r-release-macos-arm64, r-release-macos-x86_64, r-release-windows-ix86+x86_64