CRAN Package Check Results for Package fAsianOptions

Last updated on 2021-04-16 09:50:01 CEST.

Flavor Version Tinstall Tcheck Ttotal Status Flags
r-devel-linux-x86_64-debian-clang 3042.82 12.38 64.92 77.30 NOTE
r-devel-linux-x86_64-debian-gcc 3042.82 9.35 49.14 58.49 NOTE
r-devel-linux-x86_64-fedora-clang 3042.82 102.83 NOTE
r-devel-linux-x86_64-fedora-gcc 3042.82 89.72 NOTE
r-devel-windows-ix86+x86_64 3042.82 28.00 108.00 136.00 NOTE
r-devel-windows-x86_64-gcc10-UCRT 3042.82 NOTE
r-patched-linux-x86_64 3042.82 12.70 59.71 72.41 OK
r-patched-solaris-x86 3042.82 121.20 OK
r-release-linux-x86_64 3042.82 9.73 59.49 69.22 OK
r-release-macos-x86_64 3042.82 OK
r-release-windows-ix86+x86_64 3042.82 26.00 113.00 139.00 OK
r-oldrel-macos-x86_64 3042.82 WARN
r-oldrel-windows-ix86+x86_64 3042.82 16.00 101.00 117.00 OK

Check Details

Version: 3042.82
Check: LazyData
Result: NOTE
     'LazyData' is specified without a 'data' directory
Flavors: r-devel-linux-x86_64-debian-clang, r-devel-linux-x86_64-debian-gcc, r-devel-linux-x86_64-fedora-clang, r-devel-linux-x86_64-fedora-gcc, r-devel-windows-ix86+x86_64, r-devel-windows-x86_64-gcc10-UCRT

Version: 3042.82
Check: compiled code
Result: NOTE
    File ‘fAsianOptions/libs/fAsianOptions.so’:
     Found no calls to: ‘R_registerRoutines’, ‘R_useDynamicSymbols’
    
    It is good practice to register native routines and to disable symbol
    search.
    
    See ‘Writing portable packages’ in the ‘Writing R Extensions’ manual.
Flavors: r-devel-linux-x86_64-fedora-clang, r-devel-linux-x86_64-fedora-gcc

Version: 3042.82
Check: whether package can be installed
Result: WARN
    Found the following significant warnings:
     Warning: ‘i’ is used uninitialized in this function [-Wuninitialized]
Flavor: r-oldrel-macos-x86_64